sor of r and 1152?
12
Suppose -26*v + 19053 + 2787 = 0. Calculate the greatest common divisor of v and 84.
84
Suppose -2*v = -0*v - 60. Suppose -b = -111 + v. Let d = 181 - b. Calculate the highest common divisor of 40 and d.
20
Suppose 3*x = -0*x - 4*v + 78, 2*x + v - 47 = 0. Let p = 776 - 710. Calculate the highest common divisor of x and p.
22
Let u = 27 - -2. Calculate the highest common divisor of 638 and u.
29
Let s be (-18 + 16)*(-438)/3. What is the greatest common factor of 438 and s?
146
Let t = 26 + -9. Let w(d) = -18*d + 147. Let k be w(8). Suppose 2 = 2*o, k*g - 5*o + 1 = t. Calculate the highest common factor of g and 14.
7
Let m be 10/15 - 365/(-15). What is the highest common factor of 25 and m?
25
Let n be -120*(15/35 + (-10)/7). Calculate the highest common factor of n and 90.
30
Suppose 5*d - 24 = 36. Let g(v) = -33*v + 327. Let q be g(7). Calculate the highest common divisor of q and d.
12
Suppose 133 = a + g, 5*g - 6*g = 3. Let t = -139 - a. Let s = t - -491. Calculate the highest common factor of 24 and s.
24
Suppose -2*r = -r + 5*c - 20, -c = 4*r - 118. Suppose 10*f - r = 8*f. Calculate the highest common divisor of 5 and f.
5
Let i be 4*(-5)/20 + 42 + -1. What is the highest common divisor of i and 190?
10
Suppose -2*c + 7 = 3*z - 10, 5*c = -3*z + 29. Suppose -c*q + 12 = -3*q - n, -3*n = 0. What is the greatest common divisor of q and 4?
4
Let u = 7 - 5. Suppose -42 + 16 = -u*o. Let l be (-2 - 1) + 108/(-20)*-15. Calculate the highest common factor of l and o.
13
Let v = 359 + -26. What is the highest common divisor of v and 37?
37
Let f(l) = -2 + 9*l - 3 + 3. Let b be f(-2). Let q = 38 + b. Calculate the greatest common divisor of q and 18.
18
Suppose 0 = 5*d + 2*p - 236, -d + 4*p = -3*d + 88. Calculate the greatest common divisor of 552 and d.
24
Let m be (-4)/(-20) + (18/10 - 1). Let c(o) = 81*o**3 - o**2. Let s be c(m). Calculate the greatest common factor of 32 and s.
16
Let w(p) = -p**3 - 20*p**2 - 16*p - 77. Let z be w(-20). What is the greatest common factor of z and 9?
9
Suppose 41*t + 3*j = 43*t - 4, t = -j + 12. What is the highest common divisor of 16 and t?
8
Suppose -2*o + 2*w + 198 = 0, 0*o = 4*o + 4*w - 356. Suppose -179 = -3*c + o. Calculate the greatest common divisor of c and 13.
13
Let g(s) = s**3 + 12*s**2 - 7*s - 6. Let u be g(-11). Let m = 38 - 14. What is the highest common divisor of u and m?
24
Let n(l) = 10*l + 14. Let i(y) = y. Let k(s) = -6*i(s) + n(s). Let q be k(9). Calculate the highest common divisor of 125 and q.
25
Suppose -21*c + 27*c = 882. Suppose 6*a - a - 105 = 0. Calculate the highest common divisor of a and c.
21
Let q = 623 + -566. Calculate the highest common factor of q and 133.
19
Let s = -237 + 259. Calculate the highest common factor of 1001 and s.
11
Let a(x) = x**3 + 8*x**2 + 6*x + 8. Let t be a(-6). Suppose 3*f = 2*r + 7, f + 9 + 6 = 5*r. What is the greatest common factor of r and t?
4
Let s = -12 - -35. Let h(g) = -26*g - 7. Let i be h(-10). Calculate the greatest common factor of s and i.
23
Let p = -31 + 34. Let k be (-1 + p)/(4/(144*1)). What is the highest common divisor of 54 and k?
18
Let l = -221 + 325. What is the greatest common factor of l and 2392?
104
Let h(t) = -t**2 - 9*t + 4. Let x be h(-9). Suppose 2*v + 0*l - 48 = 4*l, 3*l - 96 = -x*v. What is the highest common divisor of 12 and v?
12
Suppose -9 - 19 = -2*h + 5*j, 5*h - 2*j = 91. Let w = -10 - -8. Let s be 55 + (3 + -4)*w. What is the greatest common factor of h and s?
19
Let f = 12 - 11. Let k be 4 - f*2*-3. What is the highest common divisor of 40 and k?
10
Suppose 5*d - 2*j - 564 = -0*d, j = 5*d - 562. Calculate the highest common factor of d and 64.
16
Let g be (175 - 181) + (29 - 1). What is the highest common factor of 187 and g?
11
Let a = 3214 - 1749. What is the highest common divisor of 5 and a?
5
Let k(t) = t**2 + 1. Let f(u) = -3*u**2 - 7*u - 9. Let w(r) = -f(r) - 2*k(r). Let x be w(-7). Let o = -4 + 5. Calculate the highest common divisor of x and o.
1
Let v = 66 - 61. Suppose 2*z - 6 = 0, v*n = -z - 3*z + 167. Calculate the highest common factor of 124 and n.
31
Suppose d = 3*q - 350, 10*q - 5*q - 595 = 4*d. Calculate the greatest common divisor of 92 and q.
23
Let p be (-212)/(-6) - 56/(-84). What is the greatest common divisor of 12 and p?
12
Suppose -2*y + 3*j + 54 = -6*y, -j - 28 = 2*y. Let p = -9 - y. What is the highest common factor of 42 and p?
6
Let d(t) = -t - 4. Let x be d(-6). Let j be x + -3 - (-122 + 0). What is the greatest common factor of j and 11?
11
Let z = 129 + -84. Let d = 29 + -24. Let o(f) = f**2 - f - 5. Let y be o(d). What is the highest common divisor of y and z?
15
Let o be (-3)/1*280/(-42). Let m = o - -52. Suppose -3*g = -16 - 11. Calculate the greatest common factor of g and m.
9
Let f = 4248 + -4204. Let m = 10 - -1. Calculate the greatest common divisor of f and m.
11
Suppose 5*v - 2*r - 42 = 0, 3*v - 4*r = v + 20. Let x be 42/4 + (-4)/v. Let w be ((-36)/x)/((-6)/45). Calculate the greatest common factor of 9 and w.
9
Let z be (-1 - 18/(-8))/(16/(-1088)). Let x be (1*z)/(0/(-3) - 1). Calculate the greatest common divisor of 17 and x.
17
Suppose 733 = 15*p - 407. What is the highest common divisor of p and 38?
38
Let g be ((-108)/30)/((-2)/(-5)). Let h be (g/(-12))/((-1)/(-96)). Calculate the greatest common factor of 9 and h.
9
Let f = 732 - 609. What is the greatest common divisor of f and 164?
41
Let k be 4/10*-8*-5. Let r be (675/20)/(6/k). Let p be 112/10 + 102/(-85). What is the greatest common factor of r and p?
10
Suppose -5*x + 0*x + 4*h = -7, -4*x = h + 7. Let z be (-5)/(-3*x/3). Let c be z/(-2)*(-32)/(-20). Calculate the greatest common factor of 16 and c.
4
Let o = -135 - -213. Suppose 5*x - 3*x = 234. Calculate the highest common divisor of o and x.
39
Let z(d) = -d**2 - 7*d. Let o be z(-6). Let j(s) = s**2 - 5*s - 5. Let m be j(o). Let p be (-1)/m + 5 + 0. Calculate the highest common factor of 6 and p.
2
Suppose 21*g = 76*g - 3850. Calculate the highest common factor of g and 120.
10
Let q(i) = -28*i**3 + i**2 + i - 1. Let a be q(1). Let m = 25 + a. Let y be 34/4 - m/4. What is the greatest common divisor of 9 and y?
9
Let j = 131 - 110. What is the greatest common divisor of 168 and j?
21
Suppose 3*x - 6 = -3*o, 3*x + 5*o = -9 + 7. What is the greatest common factor of x and 270?
6
Suppose -13 = -m + 13. Let g = -322 + 577. Suppose 0 = -t - 1, 4*y + 5*t - g = 0. Calculate the highest common divisor of y and m.
13
Let h(g) = 2*g**2 - 6*g + 8. Let d(z) = -3*z**2 + 5*z - 8. Let a(y) = -4*d(y) - 5*h(y). Let l be a(-7). What is the greatest common divisor of 4 and l?
4
Suppose 4*d = -4*t + 948, -5*t - 2*d - 478 = -7*t. Calculate the greatest common divisor of t and 170.
34
Let d(q) = -3*q**3 - 9*q**2 + 2*q**3 - 6*q + 2*q - 23. Let z be d(-10). Calculate the greatest common factor of z and 13.
13
Suppose 1567 = 56*t + 447. Let s(a) = 35*a**2 + a + 2. Let r be s(-2). What is the greatest common divisor of t and r?
20
Suppose -o - m = 4*m - 1, -5*o + 92 = -4*m. Suppose 20 = -o*z + 18*z. Calculate the greatest common divisor of 55 and z.
5
Suppose 405 = -4*x + 2205. What is the greatest common factor of x and 50?
50
Let y(d) = -2*d**3 - 12*d**2 - 4*d - 10. Let i be y(-6). Suppose -2*c - 5*c + i = 0. What is the highest common divisor of c and 8?
2
Let c = 1216 - 1172. Let d be 1316/12 - 2/(-6). What is the greatest common factor of c and d?
22
Suppose 2*g = 2*k + 428, -k + 226 = 2*g - 217. Calculate the greatest common factor of g and 73.
73
Suppose -6 = -2*q, 4*x - 3*x - q + 20 = 0. Let a = x + 27. Let p be 64/34 - (-12)/102. What is the greatest common factor of a and p?
2
Suppose -2136*p + 2132*p + 2020 = 0. Calculate the greatest common divisor of 202 and p.
101
Let z(n) = n**2 - 15*n - 116. Let y be z(-6). Suppose 0 = -t + 3*k - 4, 6*t + k = 3*t + 38. Let o = t - 6. Calculate the highest common factor of y and o.
5
Let t(q) = 4*q**2 + 2*q. Let k be t(-1). Suppose 0 = -11*v - k*v + 3744. Calculate the greatest common factor of v and 32.
32
Suppose 5*f - 555 = -g - 4*g, -f - 2*g + 112 = 0. Let c(u) = -70*u - 446. Let w be c(-7). What is the highest common factor of f and w?
22
Let m be (1 - 1) + (1 - -52). Let w = 119 - m. Suppose -43*v + 2